5?
9
Let t be 1 + (3 - (-4 - 5)). Suppose -t*d + 104 = -11*d. What is the units digit of d?
2
Suppose v + 4*f - 504 = -19, 5*v = -5*f + 2440. What is the hundreds digit of v?
4
Suppose -12120 = -14*y + 3532. What is the hundreds digit of y?
1
Let t = 20 - 18. Let w(n) = 16*n**3 + 4*n**2 - 5*n + 5. What is the tens digit of w(t)?
3
Let o = 5994 - 2259. What is the thousands digit of o?
3
Let b = 3870 - 2367. What is the tens digit of b?
0
Let r = -138 + 241. What is the tens digit of (r/(-2) - -1)*4/(-2)?
0
Let h be (-11)/(-2) + (-9)/18. Suppose 2*z - 5*k + 35 = 7*z, -23 = -h*z + k. Suppose z*l - 10 = 4*l. What is the tens digit of l?
1
Let c(m) = -3*m - 3. Let v be c(-2). What is the hundreds digit of 1038/9 - v/(-9)*2?
1
Let r(u) = -53*u - 31. Let z be r(-6). Let o = -175 + z. What is the hundreds digit of o?
1
Let i be 450/12*(-20)/(-6). What is the tens digit of i/2 - 15/30?
6
Let o = 6725 - 3617. What is the tens digit of o?
0
Suppose -j + 37 = -39. Suppose 214 = 2*w + j. What is the units digit of w?
9
Suppose -i = -5 - 0, -4*w = -2*i + 22. What is the units digit of (-6)/(-4*w/(-138)*1)?
9
Suppose -3*x + 4*x - 21 = -2*u, 0 = -3*x - 3*u + 63. What is the units digit of x?
1
Let a(x) = -3 + 0 - 2*x - x - 4. Let j(u) = -2*u**2 + 5*u + 4. Let w be j(4). What is the tens digit of a(w)?
1
Let l(h) = -3*h + 5. Let k = 12 - 9. Suppose 4*a + 7 = -3*c - 3, k*c = 3*a + 18. What is the units digit of l(a)?
7
Let d be (-2)/14 + (-2 - 43/(-7)). Let y(g) = 8*g**2 - 11*g - 6. What is the units digit of y(d)?
8
Let i(c) be the first derivative of -8 + 0*c**3 - 4*c + 1/4*c**4 - 3/2*c**2. What is the tens digit of i(3)?
1
Suppose 5*c - l = l + 958, 2*l + 388 = 2*c. Let s = c + -88. Suppose s = 3*i - 3*p, 42 = i - 0*p + 3*p. What is the units digit of i?
6
Suppose -3*r + 3 = -4*w, 5*w - 2*r = -3*r + 20. Let d be w + 3*(-1 - 0). Suppose 0 = -3*z + 2*j + 26 + 18, d = 3*j - 15. What is the units digit of z?
8
Let d = 2528 - -548. What is the tens digit of d?
7
Suppose -2*v - v - 10426 = -4*h, -5*h + 5*v + 13030 = 0. Suppose -14*x = -h - 976. What is the units digit of x?
6
Suppose 0 = -10*v + 12*v - 530. Suppose -2*u = 3*f - v, 262 = 5*f - u - 158. Suppose 0 = -5*r - 5*o + f, 0*o = -3*o - 3. What is the units digit of r?
8
Suppose 3*u + 5*q = q - 20, -5*u - 30 = 5*q. What is the tens digit of 33/44 - 593/u?
4
Let p be (0 + -9)/(-3) + 220. Suppose -2*f = -3*z + p, -3*z + 2*f + 2*f = -233. Suppose 4*t = z + 73. What is the tens digit of t?
3
Let v(g) = -g**3 - 10*g**2 + 14*g + 15. Let a be v(-11). Let d = 170 + a. What is the tens digit of d?
5
Let v be (-5 + -1)/(2 + -4). Suppose -3*w + 41 = v*u - 55, -w = -5*u + 136. Let d = u + 14. What is the units digit of d?
2
Let v be 8/6 - 16/(-24). Suppose 0 = l + 5*f - 6, 0 = 2*l + 5*f - v. What is the tens digit of 98/8*(-16)/l?
4
Let f = 60 - 38. Suppose 2*k = 80 + f. What is the units digit of k?
1
Let h = -131 + 184. Let d = 62 - h. What is the units digit of d?
9
What is the tens digit of 1*2*116265/138?
8
Let v(g) = 96*g + 291. What is the tens digit of v(14)?
3
Suppose 3*y + 0*y + 7 = l, -5*l = -3*y + 25. Suppose -5*s + 14 = -2*w, -5*w + 38*s - 35*s + 3 = 0. What is the units digit of 10/w*(-12)/l?
5
Let l be (-147)/(-2)*(-8)/(-12). Let n = l - 91. Let p = n - -63. What is the tens digit of p?
2
Let n be -2*(-2)/(-8)*-6. Let p(g) = -3 + 1 - 2*g - g**n - 2*g**2 + 5 + 1. What is the tens digit of p(-4)?
4
Let b = -13 + 13. Suppose 2*g + 2*f - 8 = b, -f - 3 = 2*f. Suppose -2*p + 5*h + 47 = -84, -g*p + 343 = 3*h. What is the tens digit of p?
6
Let m = 17 + -15. Suppose -3*y + m*y = 0. Suppose y*t + 2*t = 5*i - 149, 68 = 2*i - 5*t. What is the tens digit of i?
2
Let q = -26 + 25. Let y = 8 - q. What is the units digit of y?
9
Suppose 2*s = -s - 129. Suppose 19*r - 2*r - 1445 = 0. Let j = r + s. What is the tens digit of j?
4
Let k(b) = -b**2 - 13*b - 9. Let p be k(-12). What is the units digit of p*(-6)/(-3)*14?
4
Suppose 4*p + 4*l - 197 = -13, -245 = -5*p - 2*l. What is the tens digit of p?
5
Let r = -879 + 1329. What is the tens digit of r?
5
Suppose z + 3 - 8 = 0. Let t(h) = -3*h**3 + 2*h**2 - 4. Let w be t(z). What is the units digit of w/(-49) + 4/14?
7
Let b = -12 - -12. Suppose -8 = 4*l - b. What is the tens digit of (-25)/(3/(l - 1))?
2
Suppose -1 = 3*i - 3*o - 31, i = -4*o. Suppose -q = -31 - i. What is the tens digit of q?
3
What is the tens digit of 13458/10 + 328/(-410)?
4
Let l(t) = 2*t**2 + 4*t + 43. What is the thousands digit of l(23)?
1
Let n(w) = w**3 + 6*w**2 - 4*w + 5. Let g be n(-6). Suppose -5*b - g = 51. What is the tens digit of b/72 + (-724)/(-18)?
4
Let b(o) = 14*o**3 + 7*o**2 - 4*o + 62. What is the tens digit of b(6)?
1
Let a(i) = -771*i + 27. What is the tens digit of a(-3)?
4
Let u be (-2)/(((-40)/15)/4). Suppose -u*t + 10*t = 2023. What is the hundreds digit of t?
2
Let i be -4 + 0 + (7 - -5). Suppose -s + 3*g = -0*s - i, -3*s + 24 = -2*g. What is the units digit of s?
8
What is the tens digit of (16 - 5976/60)*(0 + -20)?
7
Let t be 54/(-2 + -1)*(-57)/9. Let u = -61 + t. What is the units digit of u?
3
Suppose -p + 5*d + 95 = -336, -3*p = d - 1277. What is the hundreds digit of p?
4
Suppose 0 = -13*j + 16*j - 1860. What is the units digit of j?
0
Let d = 1106 - 605. What is the units digit of d?
1
What is the units digit of 12033/45 - 4/10?
7
Let m = 47 + 61. Let a = 171 - m. What is the units digit of a?
3
Let z be 6/4*(-2 + -2). Let a(y) = 2*y**2 + 13*y + 8. Let n be a(z). Suppose 0 = i + n*i - 111. What is the tens digit of i?
3
Let x(a) = 3*a - 6. Let v be x(3). Suppose -d + 3*c - 5 = -0*d, v*d - 9 = c. Suppose 0*g = d*g - 88. What is the units digit of g?
2
Suppose -m + 6744 = 5*x, 3*x = -m + 2726 + 1322. What is the tens digit of x?
4
Suppose -35*g = -40*g - 45. What is the tens digit of g/(-7) + -1 - (-792)/21?
3
Let f(x) = x + 7. Let u be f(-9). Let b = -2 - u. Let p(l) = -l**2 + l + 18. What is the tens digit of p(b)?
1
Let t be 1 - (2/(-2) + 0). Let i(j) = 9*j**2 + j - 4. Let v be i(-2). Suppose t*m - 5*m + v = 0. What is the units digit of m?
0
Suppose 0 = 112*j - 114*j - 2*q + 2746, -5*j + 6889 = -q. What is the units digit of j?
7
Let o(a) = 5*a - a - 3*a - 4 - 3*a. Suppose 0*f - 24 = 3*f. What is the units digit of o(f)?
2
Suppose 30585 + 77607 = 56*w. What is the hundreds digit of w?
9
Suppose 5*h - 3*w - 18515 = 2*w, 5*h = -5*w + 18465. What is the tens digit of h?
9
What is the hundreds digit of (-686)/14*(-1 + 2 - 6)?
2
Suppose 8*a - 3008 = -0*a. What is the tens digit of a?
7
What is the thousands digit of (-70)/20*27564/(-42)?
2
Let y = -22 - -10. What is the hundreds digit of (632/y)/(1/(-3))?
1
Let c be -2 - (3 - (133 + 0)). Suppose -k = -5*k + c. Suppose 0*i = -4*i + k. What is the units digit of i?
8
Suppose -22 = 5*s + 2*p - 117, -p + 22 = s. Suppose 2*u = -5*l - s, -l - 24 = -u + 3*l. What is the units digit of u?
4
What is the tens digit of (-128)/(-12)*(-33)/(-4)?
8
Let p = 338 - -161. What is the tens digit of p?
9
Let d(w) = -5*w - 4. Let k(n) = n. Let f(v) = d(v) + 3*k(v). Let p be -3 + 0/(-2) + -3. What is the units digit of f(p)?
8
Suppose -5*d + 72 - 17 = 0. Let b = d + -15. What is the tens digit of (44/5)/(b/(-10))?
2
What is the hundreds digit of 290/4*(-16 - -18)?
1
Let i be 153/36*(-40)/(-2). Suppose -5*m = -5*r - i, -2*m - 3*r = -3*m + 17. What is the tens digit of m?
1
Suppose -22*c = -5*o - 23*c + 13077, -4*c - 2607 = -o. What is the thousands digit of o?
2
Suppose -5*w - r = 34, 0 = w + 2*r - 0 + 5. What is the tens digit of (-4 - -1)/(1/w)?
2
Let y(m) = -3*m**2 + m + 2. Let v be y(2). Let l = v + 17. Suppose 2*o - 47 - l = 0. What is the tens digit of o?
2
Let c(b) = -b + 1. Let j be c(-3). Suppose 0 = -3*a + 4*v - v + 879, -a - 3*v = -281. Suppose -j*h = -9*h + a. What is the units digit of h?
8
Let l(v) = 7*v - 10. Let x be l(8). Suppose -5*t - i - 2*i - x = 0, -5*t = 5*i + 50. What is the units digit of (-27)/(-2) + (-4)/t?
4
Let b(r) = -r - 11. Let s be b(-11). Suppose s = 4*v + 4*z - 368, -6*z - 86 = -v - z. What is the units digit of v?
1
Let k be (4 + -3)*(-2 + 5). Let c(x) = 0*x + k*x - 1 + 13 - 2*x. What is the units digit of c(-7)?
5
What is the thousands digit of 1*1252 - (41 - 40)?
1
Let c = -5 + -23. Let r(b) = -4*b**2 + 6*b 